0.
12
Calculate the remainder when 6533 is divided by 43.
40
Calculate the remainder when 68 is divided by 26.
16
What is the remainder when 2763 is divided by 42?
33
Calculate the remainder when 676 is divided by 97.
94
What is the remainder when 628 is divided by 219?
190
What is the remainder when 278 is divided by 6?
2
Calculate the remainder when 603 is divided by 96.
27
Calculate the remainder when 9654 is divided by 136.
134
Calculate the remainder when 143 is divided by 36.
35
Calculate the remainder when 687 is divided by 683.
4
What is the remainder when 247 is divided by 58?
15
Calculate the remainder when 6630 is divided by 14.
8
Calculate the remainder when 2076 is divided by 160.
156
What is the remainder when 4072 is divided by 9?
4
What is the remainder when 611 is divided by 423?
188
Calculate the remainder when 2153 is divided by 1072.
9
What is the remainder when 8150 is divided by 57?
56
What is the remainder when 301 is divided by 93?
22
Calculate the remainder when 277 is divided by 105.
67
What is the remainder when 207 is divided by 52?
51
What is the remainder when 975 is divided by 45?
30
What is the remainder when 8281 is divided by 82?
81
What is the remainder when 637 is divided by 58?
57
Calculate the remainder when 23 is divided by 10.
3
What is the remainder when 989 is divided by 357?
275
Calculate the remainder when 1762 is divided by 14.
12
What is the remainder when 7020 is divided by 24?
12
What is the remainder when 307 is divided by 257?
50
What is the remainder when 202 is divided by 17?
15
What is the remainder when 170 is divided by 61?
48
Calculate the remainder when 355 is divided by 24.
19
Calculate the remainder when 355 is divided by 7.
5
Calculate the remainder when 1481 is divided by 78.
77
What is the remainder when 671 is divided by 237?
197
Calculate the remainder when 499 is divided by 32.
19
Calculate the remainder when 581 is divided by 278.
25
Calculate the remainder when 176 is divided by 27.
14
What is the remainder when 398 is divided by 17?
7
Calculate the remainder when 76 is divided by 20.
16
What is the remainder when 452 is divided by 43?
22
Calculate the remainder when 4340 is divided by 13.
11
Calculate the remainder when 5451 is divided by 94.
93
What is the remainder when 309 is divided by 79?
72
Calculate the remainder when 510 is divided by 86.
80
Calculate the remainder when 241 is divided by 127.
114
What is the remainder when 152 is divided by 40?
32
Calculate the remainder when 38619 is divided by 20.
19
What is the remainder when 446 is divided by 77?
61
Calculate the remainder when 3640 is divided by 5.
0
What is the remainder when 1562 is divided by 43?
14
What is the remainder when 24207 is divided by 17?
16
Calculate the remainder when 16224 is divided by 27.
24
What is the remainder when 39 is divided by 5?
4
Calculate the remainder when 555 is divided by 40.
35
What is the remainder when 36270 is divided by 23?
22
Calculate the remainder when 241 is divided by 61.
58
Calculate the remainder when 1500 is divided by 8.
4
What is the remainder when 36 is divided by 3?
0
Calculate the remainder when 240 is divided by 31.
23
What is the remainder when 92 is divided by 48?
44
What is the remainder when 933 is divided by 85?
83
Calculate the remainder when 294 is divided by 23.
18
Calculate the remainder when 284 is divided by 24.
20
Calculate the remainder when 313 is divided by 136.
41
What is the remainder when 910 is divided by 92?
82
What is the remainder when 5864 is divided by 69?
68
Calculate the remainder when 117 is divided by 39.
0
What is the remainder when 596 is divided by 149?
0
What is the remainder when 206 is divided by 128?
78
What is the remainder when 1422 is divided by 19?
16
Calculate the remainder when 1029 is divided by 32.
5
What is the remainder when 1724 is divided by 115?
114
What is the remainder when 4181 is divided by 23?
18
What is the remainder when 145 is divided by 105?
40
What is the remainder when 1506 is divided by 22?
10
Calculate the remainder when 2662 is divided by 18.
16
Calculate the remainder when 329 is divided by 86.
71
What is the remainder when 61 is divided by 10?
1
What is the remainder when 312 is divided by 124?
64
Calculate the remainder when 12579 is divided by 68.
67
Calculate the remainder when 573 is divided by 72.
69
What is the remainder when 98 is divided by 53?
45
What is the remainder when 695 is divided by 331?
33
What is the remainder when 1015 is divided by 315?
70
What is the remainder when 696 is divided by 140?
136
Calculate the remainder when 2300 is divided by 49.
46
Calculate the remainder when 872 is divided by 435.
2
What is the remainder when 131 is divided by 19?
17
Calculate the remainder when 438 is divided by 8.
6
What is the remainder when 1988 is divided by 10?
8
Calculate the remainder when 5830 is divided by 114.
16
What is the remainder when 204 is divided by 35?
29
Calculate the remainder when 1624 is divided by 530.
34
What is the remainder when 438 is divided by 95?
58
What is the remainder when 69 is divided by 36?
33
What is the remainder when 164 is divided by 145?
19
What is the remainder when 669 is divided by 128?
29
Calculate the remainder when 9414 is divided by 107.
105
What is the remainder when 258 is divided by 12?
6
What is the remainder when 1370 is divided by 348?
326
Calculate the remainder when 1931 is divided by 627.
50
What is the remainder when 301 is divided by 26?
15
Calculate the remainder when 10170 is divided by 96.
90
What is the remainder when 13 is divided by 3?
1
What is the remainder when 668 is divided by 649?
19
What is the remainder when 2399 is divided by 120?
119
What is the remainder when 3073 is divided by 14?
7
Calculate the remainder when 138 is divided by 35.
33
Calculate the remainder when 271 is divided by 35.
26
Calculate the remainder when 6746 is divided by 32.
26
Calculate the remainder when 3099 is divided by 207.
201
What is the remainder when 209 is divided by 54?
47
What is the remainder when 278 is divided by 208?
70
Calculate the remainder when 287 is divided by 91.
14
What is the remainder when 232 is divided by 15?
7
What is the remainder when 42 is divided by 23?
19
What is the remainder when 1070 is divided by 361?
348
What is the remainder when 734 is divided by 641?
93
What is the remainder when 407 is divided by 68?
67
Calculate the remainder when 1010 is divided by 35.
30
Calculate the remainder when 1816 is divided by 900.
16
What is the remainder when 738 is divided by 39?
36
Calculate the remainder when 2069 is divided by 109.
107
What is the remainder when 300 is divided by 95?
15
What is the remainder when 66 is divided by 19?
9
What is the remainder when 6904 is divided by 135?
19
Calculate the remainder when 338 is divided by 330.
8
What is the remainder when 8996 is divided by 15?
11
What is the remainder when 18538 is divided by 20?
18
What is the remainder when 22154 is divided by 35?
34
What is the remainder when 325 is divided by 104?
13
What is the remainder when 3001 is divided by 38?
37
What is the remainder when 43037 is divided by 269?
266
What is the remainder when 174 is divided by 51?
21
Calculate the remainder when 54 is divided by 14.
12
Calculate the remainder when 1200 is divided by 199.
6
What is the remainder when 2540 is divided by 170?
160
Calculate the remainder when 3001 is divided by 13.
11
Calculate the remainder when 33 is divided by 23.
10
Calculate the remainder when 1413 is divided by 11.
5
Calculate the remainder when 313 is divided by 9.
7
Calculate the remainder when 774 is divided by 37.
34
Calculate the remainder when 535 is divided by 280.
255
What is the remainder when 480 is divided by 37?
36
Calculate the remainder when 6478 is divided by 162.
160
What is the remainder when 427 is divided by 56?
35
Calculate the remainder when 1351 is divided by 59.
53
What is the remainder when 762 is divided by 98?
76
What is the remainder when 20333 is divided by 328?
325
What is the remainder when 20352 is divided by 15?
12
What is the remainder when 1671 is divided by 2?
1
What is the remainder when 2708 is divided by 43?
42
Calculate the remainder when 357 is divided by 26.
19
Calculate 